{"id":40,"date":"2025-02-21T15:55:35","date_gmt":"2025-02-21T15:55:35","guid":{"rendered":"https:\/\/pogromca-usterek.pl\/home\/"},"modified":"2026-01-20T18:34:34","modified_gmt":"2026-01-20T18:34:34","slug":"home","status":"publish","type":"page","link":"https:\/\/pogromca-usterek.pl\/","title":{"rendered":"Us\u0142ugi remontowe Kujawsko-Pomorskie"},"content":{"rendered":"\n\n\n<h4>&nbsp; &nbsp; WYKO\u0143CZENIA&nbsp; WN\u0118TRZ<\/h4>\n<h4>Naprawiamy, modernizujemy, ulepszamy.<\/h4>\n<p>Pogromca Usterek to firma specjalizuj\u0105ca si\u0119 w remontach i modyfikacjach budynk\u00f3w na terenie Kujawsko-Pomorskim.. Oferujemy kompleksowe us\u0142ugi, wyko\u0144czenie wn\u0119trz, g\u0142adzie gipsowe, elektryka,&nbsp; hydraulik\u0119, malowanie, transport, monta\u017c, uk\u0142adanie kafelek,&nbsp; mebli, usuwanie usterek,&nbsp; malowanie natryskowe.<\/p>\n\n\n\n\n\n\n\n\n\n<h3>Nasze realizacje<\/h3>\n\n\n<h5>Jeste\u015bmy firm\u0105 specjalizuj\u0105c\u0105 si\u0119     <br>w remontach, g\u0142adzie gipsowe, malowanie wewn\u0119trzne oraz malowanie elewacji, hydraulice, monta\u017c mebli, elektryce, transporcie, oraz  usuwaniu wszelkich usterek w budynkach. Dzi\u0119ki naszemu do\u015bwiadczeniu i wiedzy szybko i skutecznie rozwi\u0105zujemy problemy, a tak\u017ce wykonujemy wszelkie prace remontowe, wyko\u0144czenie wn\u0119trz\u00a0 z najwy\u017csz\u0105 jako\u015bci\u0105.\u00a0Firma ta oferuje szeroki zakres us\u0142ug, takich jak:<br><br><strong><sup><mark style=\"background-color:rgba(0, 0, 0, 0)\" class=\"has-inline-color has-ast-global-color-1-color\">Pogotowie hydrauliczne 24\/7 <\/mark><\/sup><\/strong><\/h5>\n\n\n\n<strong><u><\/u><\/strong><span style=\"color:#008a00;\"><strong><u>Remonty mieszka\u0144 i dom\u00f3w<\/u><\/strong> <\/span>\u2013 od malowania \u015bcian i sufity, poprzez k\u0142adzenie pod\u0142\u00f3g, glazura, po wymian\u0119 instalacji wodno-kanalizacyjnej i elektrycznej.\n\n\n<u><strong style=\"color: rgb(0, 138, 0);\">Remonty \u0142azienek i kuchni<\/strong> <\/u>\u2013 od demonta\u017cu starych p\u0142ytek, uk\u0142adanie nowych p\u0142ytek, bia\u0142y monta\u017c.<br>\n\n\n<strong><u style=\"color: rgb(0, 138, 0);\">Naprawa instalacji elektrycznych<\/u> <\/strong>\u2013 od drobnych napraw po kompleksowe instalacje w nowych budynkach.\n\n\n<strong><u style=\"color: rgb(0, 138, 0);\">Monta\u017c i naprawa instalacji wodno-kanalizacyjnych<\/u> <\/strong>\u2013 od wymiany kran\u00f3w i rur po kompleksowe instalacje.\n\n\n<strong><u style=\"color: rgb(0, 138, 0);\">Monta\u017c i serwis system\u00f3w grzewczych<\/u>&nbsp;<\/strong>\n\n\n<strong><u><span style=\"color:#008a00;\">Us\u0142ugi og\u00f3lnobudowlane<\/span> <\/u><\/strong>\u2013 od prac murarskich i tynkarskich po wznoszenie \u015bcianek dzia\u0142owych.\n\n\n<font color=\"#008a00\"><b><u>Transport<\/u><\/b><\/font>&nbsp;\u2013 us\u0142ugi transportowe mebli, towaru budowlanego.<br>\n\n\n\n\n\n<h6>Hydraulika<\/h6>\n\n\n\n\n\n<h6>Malowanie \u015acian<\/h6>\n\n\n\n\n\n<h6>Naprawy Codzienne<\/h6>\n\n\n\n\n\n<h2><strong><em>Atrakcyjne ceny<\/em><\/strong><\/h2>\n\n\n<p>To co wyr\u00f3\u017cnia firm\u0119 pogromca usterek na rynku lokalnym to konkurencyjne Ceny i us\u0142ugi przy jednoczesnej wysokiej jako\u015bci wykonywanych prac.<\/p>\n\n\n\n\n\n\n<h3>DORADZAMY<br>Na ka\u017cdym etapie wsp\u00f3\u0142pracy pomo\u017cemy Pa\u0144stwu<br>dobra\u0107 odpowiednie materia\u0142y budowlane<br>oraz zaproponujemy najlepsze rozwi\u0105zania <br>dla Pa\u0144stwa wn\u0119trz.<\/h3>\n\n\n\n\n\n\n\n<p>Lorem Ipsum has been the industry&#8217;s standard dummy text ever since the 1500s.<\/p>\n\n\n\n\n<h4>Jak wygl\u0105da realizacja zlece\u0144.<\/h4>\n\n\n<p>Rozpoczynamy od konsultacji ,przechodzimy do realizacji i finalizacji pracy.<\/p>\n\n\n<strong>DARMOWE POMIARY I WYCENA<\/strong>\n\n\n\n\n\n<p>Lorem Ipsum has been the industry&#8217;s standard dummy text ever since the 1500s.<\/p>\n\n\n\n\n\n","protected":false},"excerpt":{"rendered":"","protected":false},"author":1,"featured_media":0,"parent":0,"menu_order":0,"comment_status":"closed","ping_status":"closed","template":"","meta":{"_crdt_document":"","pagelayer_contact_templates":[],"_pagelayer_content":"","footnotes":""},"class_list":["post-40","page","type-page","status-publish","hentry"],"_links":{"self":[{"href":"https:\/\/pogromca-usterek.pl\/index.php?rest_route=\/wp\/v2\/pages\/40","targetHints":{"allow":["GET"]}}],"collection":[{"href":"https:\/\/pogromca-usterek.pl\/index.php?rest_route=\/wp\/v2\/pages"}],"about":[{"href":"https:\/\/pogromca-usterek.pl\/index.php?rest_route=\/wp\/v2\/types\/page"}],"author":[{"embeddable":true,"href":"https:\/\/pogromca-usterek.pl\/index.php?rest_route=\/wp\/v2\/users\/1"}],"replies":[{"embeddable":true,"href":"https:\/\/pogromca-usterek.pl\/index.php?rest_route=%2Fwp%2Fv2%2Fcomments&post=40"}],"version-history":[{"count":43,"href":"https:\/\/pogromca-usterek.pl\/index.php?rest_route=\/wp\/v2\/pages\/40\/revisions"}],"predecessor-version":[{"id":8491,"href":"https:\/\/pogromca-usterek.pl\/index.php?rest_route=\/wp\/v2\/pages\/40\/revisions\/8491"}],"wp:attachment":[{"href":"https:\/\/pogromca-usterek.pl\/index.php?rest_route=%2Fwp%2Fv2%2Fmedia&parent=40"}],"curies":[{"name":"wp","href":"https:\/\/api.w.org\/{rel}","templated":true}]}}